 prime number?
True
Is 52259767 composite?
True
Is 13521791 a composite number?
False
Is 3614803 prime?
False
Is 14831309 prime?
True
Is 12692257 a prime number?
False
Is 757815971 a prime number?
False
Is 65745599 prime?
False
Is 58898633 a prime number?
False
Is 48261379 prime?
False
Is 7933353 prime?
False
Is 5201695 a composite number?
True
Is 351596267 composite?
True
Is 148887043 a prime number?
False
Is 50283797 a prime number?
True
Is 43003627 prime?
True
Is 100981 composite?
False
Is 10645009 composite?
True
Is 23471989 a prime number?
True
Is 30944941 a composite number?
True
Is 15495833 a composite number?
True
Is 4641401 prime?
True
Is 1401143 a composite number?
True
Is 3850189 a prime number?
False
Is 200368853 a composite number?
False
Is 411379 prime?
True
Is 21217289 a composite number?
False
Is 14012993 composite?
True
Is 126877441 a prime number?
True
Is 81415519 a prime number?
False
Is 95377 a composite number?
True
Is 6531695 a prime number?
False
Is 6934201 a prime number?
False
Is 7311583 composite?
False
Is 4706054 a prime number?
False
Is 58346209 prime?
True
Is 94870907 prime?
False
Is 10392419 a prime number?
True
Is 88878563 a composite number?
True
Is 889518235 prime?
False
Is 84410213 composite?
True
Is 3236317 a composite number?
True
Is 2908531 a prime number?
True
Is 9749707 prime?
False
Is 480499 composite?
False
Is 4537373 prime?
True
Is 44616406 composite?
True
Is 13876795 a prime number?
False
Is 864653 a composite number?
True
Is 2565091 prime?
False
Is 41703538 a prime number?
False
Is 2468237 composite?
True
Is 86323381 a composite number?
False
Is 70673257 a composite number?
False
Is 76922881 a prime number?
False
Is 40330453 a composite number?
True
Is 917363 a composite number?
False
Is 80536127 prime?
False
Is 107761541 prime?
True
Is 930637 a composite number?
False
Is 10187279 prime?
False
Is 32723291 prime?
True
Is 3694387 composite?
True
Is 286317079 a composite number?
False
Is 268797661 composite?
True
Is 220562723 prime?
True
Is 7545023 a composite number?
False
Is 63368119 a prime number?
True
Is 75224063 a composite number?
False
Is 15819421 prime?
True
Is 15676151 prime?
False
Is 7413671 prime?
False
Is 1546927 a prime number?
True
Is 9231734 a prime number?
False
Is 8628601 composite?
False
Is 77675111 a composite number?
False
Is 56218223 a composite number?
False
Is 184691759 prime?
False
Is 48493 prime?
False
Is 64417007 a prime number?
True
Is 392821963 composite?
False
Is 26123857 a prime number?
False
Is 11495729 a prime number?
False
Is 10360927 composite?
True
Is 4883269 prime?
True
Is 8965009 composite?
True
Is 126101797 prime?
False
Is 23631713 prime?
False
Is 1246007 a prime number?
False
Is 225191861 a prime number?
True
Is 5224543 a composite number?
True
Is 239830127 a composite number?
False
Is 228583 a prime number?
False
Is 2023363 composite?
False
Is 13877449 a composite number?
True
Is 970231 composite?
False
Is 678066589 prime?
False
Is 17829451 a composite number?
False
Is 83039 a composite number?
True
Is 11074277 a prime number?
True
Is 14143889 composite?
True
Is 381079 a prime number?
False
Is 121571309 a prime number?
False
Is 14817583 a composite number?
True
Is 8176435 composite?
True
Is 28348561 composite?
False
Is 7159219 a prime number?
False
Is 8360641 a prime number?
False
Is 99467573 a prime number?
False
Is 5252567 a composite number?
True
Is 33477929 a prime number?
True
Is 16620137 a prime number?
True
Is 9505091 prime?
False
Is 64377179 a prime number?
False
Is 4067563 a prime number?
False
Is 1286759 prime?
False
Is 96486791 prime?
True
Is 4904089 prime?
True
Is 21127159 a prime number?
True
Is 2569513 a composite number?
False
Is 150747071 prime?
False
Is 1297338503 a prime number?
False
Is 2064091 composite?
True
Is 350941 composite?
False
Is 9422911 a prime number?
True
Is 1628141 a prime number?
False
Is 6901073 prime?
True
Is 15411119 a prime number?
True
Is 43410011 composite?
False
Is 3338407 composite?
False
Is 3685555 a prime number?
False
Is 3732293 prime?
True
Is 1121767 composite?
True
Is 2009731 a composite number?
False
Is 9814411 a composite number?
True
Is 8010949 prime?
False
Is 8417242 a prime number?
False
Is 9449894 composite?
True
Is 372179 prime?
True
Is 21031957 a prime number?
False
Is 141517 prime?
False
Is 122959 composite?
True
Is 9569517 prime?
False
Is 9778309 composite?
False
Is 900032087 composite?
False
Is 54746213 composite?
False
Is 4591733 a prime number?
False
Is 225671 composite?
False
Is 35061311 prime?
False
Is 5283011 prime?
True
Is 16044789 a prime number?
False
Is 3109607 a composite number?
False
Is 211180957 a composite number?
True
Is 7570093 prime?
True
Is 10817371 a prime number?
True
Is 22141447 a prime number?
False
Is 4751661 a composite number?
True
Is 280634551 prime?
True
Is 5520521 a composite number?
False
Is 437209517 a prime number?
True
Is 222701 a prime number?
False
Is 110097433 prime?
True
Is 13605161 prime?
True
Is 99087623 composite?
True
Is 227749 a prime number?
False
Is 6976547 a composite number?
False
Is 42218269 a composite number?
True
Is 17561477 a composite number?
True
Is 29753881 a prime number?
False
Is 7109423 prime?
True
Is 251452969 composite?
True
Is 66835085 composite?
True
Is 187082609 a prime number?
False
Is 10499143 a prime number?
False
Is 1744193 a composite number?
True
Is 315102761 a composite number?
False
Is 3361633 composite?
True
Is 2903617 a prime number?
False
Is 182426749 a composite number?
False
Is 1349637 a composite number?
True
Is 3482519 a prime number?
True
Is 282297 a composite number?
True
Is 44537 a composite number?
False
Is 502156069 composite?
True
Is 62004827 a prime number?
True
Is 2768998 a prime number?
False
Is 709795 a prime number?
False
Is 190989761 a composite number?
False
Is 1765489 prime?
False
Is 3545219 composite?
False
Is 34445167 a composite number?
False
Is 2484673 composite?
False
Is 2366489 a composite number?
False
Is 2468341 a composite number?
False
Is 2833535 a prime number?
False
Is 479772497 a prime number?
False
Is 68766977 prime?
True
Is 14363801 a prime number?
True
Is 25402661 a composite number?
False
Is 84132578 a composite number?
True
Is 17018587 a prime number?
False
Is 4862219 a prime number?
True
Is 41507563 a prime number?
True
Is 143387063 prime?
True
Is 120442997 prime?
True
Is 380011 composite?
True
Is 2275271 a composite number?
False
Is 55461881 a composite number?
False
Is 4871473 a composite number?
False
Is 2096657 a prime number?
False
Is 484658927 composite?
False
Is 267904363 prime?
False
Is 26293 composite?
False
Is 2514913 composite?
True
Is 1653083 a prime number?
True
Is 26432431 prime?
True
Is 71351 a composite number?
True
Is 106438165 a composite number?
True
Is 10548919 a prime number?
True
Is 56291943 a composite number?
True
Is 9940657 a composite number?
True
Is 356894339 a composite number?
False
Is 688642 a prime number?
False
Is 21701393 a prime number?
False
Is 599927291 composite?
False
Is 19915783 a prime number?
True
Is 108200051 a prime number?
False
Is 1053953 a prime number?
True
Is 773363 a prime number?
True
Is 28236287 composite?
False
Is 84293357 a prime number?
True
Is 213086 composite?
True
Is 3645029 a prime number?
False
Is 145930459 a prime number?
False
Is 67105559 prime?
False
Is 2928027 composite?
True
Is 12260797 a prime number?
False
Is 6468127 composite?
True
Is 162732859 prime?
True
Is 737257 composite?
True
Is 76913021 composite?
False
Is 1289653 composite?
False
Is 1486907 prime?
True
Is 90064627 composite?
False
Is 2346839 prime?
False
Is 6008893 a prime number?
False
Is 610711 a prime number?
False
Is 184984643 composite?
False
Is 1853053 a prime number?
True
Is 42928945 a composite number?
True
Is 14933809 a prime number?
False
Is 749243 a prime number?
False
Is 43126879 a prime number?
False
Is 55136329 composite?
False
Is 39019751 composite?
False
Is 56688883 a prime number?
False
Is 158803 composite?
False
Is 9365883 prime?
False
Is 978767 prime?
False
Is 356890943 composite?
True
Is 100439 a prime number?
False
Is 5672923 composite?
False
Is 3158191 a prime number?
False
Is 24317 a prime number?
True
Is 13109963 a prime number?
True
Is 35373319 p